e the highest common factor of 25 and g.
25
Let q(u) = u**2 - u + 1. Let o be q(1). Calculate the highest common divisor of 1 and o.
1
Let o = 5 + 9. Let j = 23 - o. Let a(w) = -w - 4. Let q be a(-5). Calculate the greatest common divisor of q and j.
1
Let a = -10 - -12. Suppose 5*k - 20 - 415 = -a*d, 4*d = -4*k + 852. Calculate the highest common factor of d and 30.
30
Suppose -3*d + b - 4*b + 57 = 0, 0 = -2*d + 5*b + 3. Suppose t + 56 = 5*t. What is the highest common divisor of d and t?
14
Let d(h) = -h**2 - 9*h. Let x be 144/(-21) + (-2)/14. Let n be d(x). Calculate the greatest common divisor of n and 98.
14
Let r be (-3)/9 - 258/(-18). Calculate the highest common factor of r and 7.
7
Suppose -a - 3*f - 15 = -3*a, -2*a = -2*f - 10. Suppose 56 = y - a*y. What is the highest common factor of y and 7?
7
Let r(g) = -3 - 1 + 3 + 0 + g + g**2. Let v be r(3). Calculate the highest common factor of 1 and v.
1
Let a(h) = -6 + 3*h**2 - 7*h + 9 - h**2. Let i be a(-6). What is the highest common factor of 13 and i?
13
Let v(l) = -l**2 - 5*l + 2. Let q be v(-5). Let k be (-8)/(-2) + 2 + 1. Let s = -1 + k. What is the greatest common divisor of s and q?
2
Suppose -5*f = -78 + 23. Calculate the highest common divisor of f and 11.
11
Let i(t) = -t**3 - t**2 + 3*t - 4. Let j be i(-3). What is the greatest common factor of j and 25?
5
Suppose -2*c = -o - 69, o - 2*o - 141 = -4*c. Calculate the highest common factor of 54 and c.
18
Let m be 2*(61 + (-2 - -1)). Calculate the highest common factor of 24 and m.
24
Suppose -2*q + 2*b + 34 = -0*q, 2*q + 5*b - 6 = 0. Suppose -3*c - 171 = -3*s, c - 119 = -2*s + 4*c. Calculate the highest common factor of s and q.
13
Let r(a) = -a**3 - 2*a**2 + a - 2. Let f be 2/(-4)*(-48)/8. Suppose 0 = -f*p + 1 - 10. Let c be r(p). Calculate the greatest common factor of 6 and c.
2
Suppose -3*m + 4*h + 328 = m, -5*h - 102 = -m. What is the greatest common divisor of 11 and m?
11
Let d be (2 + -1)*(-770)/(-11). Suppose 0 = -k - 4 + 5, -25 = -2*a - 5*k. What is the highest common divisor of d and a?
10
Let n(f) = -f**3 + 8*f**2 - 6*f - 1. Let r be n(7). Let l = 6 - 2. Calculate the highest common factor of l and r.
2
Suppose -2*g + 0*g + 8 = 0. Let b(r) = 13*r**2 - 4*r. Let h be b(2). What is the greatest common factor of h and g?
4
Let s = -19 - -45. What is the greatest common divisor of s and 39?
13
Let y(r) = -r**3 - r**2 + 5*r + 2. Let c be y(-3). Let g = 25 - c. What is the greatest common divisor of g and 4?
4
Let f(t) = t**3 + 10*t**2 + 15*t + 2. Let n be f(-8). Let b = 14 - -1. Calculate the highest common divisor of n and b.
5
Let j = -7 - -18. Calculate the greatest common factor of j and 11.
11
Suppose 3*t - 28 = 2*t - 2*x, 0 = 2*t - 5*x - 20. What is the highest common divisor of 20 and t?
20
Let m be 56/6 - 1*4/12. What is the greatest common divisor of 6 and m?
3
Let c(b) = -b**2 - 7*b - 6. Let j be (-6)/1 + 0/(-1). Let x be c(j). Suppose x = -0*a - 4*a + 56. What is the greatest common divisor of 42 and a?
14
Let r(d) = 6*d - 3. Let z be r(3). Let u be z + (3 - 6) + -1. Let m = u + 10. What is the highest common divisor of 3 and m?
3
Let f(q) = q**3 + 5*q**2 - q + 2. Let p be f(-5). Let b = p + 1. Calculate the highest common factor of 1 and b.
1
Suppose 5*h + 177 = 4*k - 4, 3*k = h + 133. Let z = 2 - 3. Let u be z/(2 + 18/(-8)). Calculate the greatest common factor of u and k.
4
Let d be -2 - (-1 - (-30)/(-3)). Let n = 8 + 1. Calculate the greatest common factor of d and n.
9
Let a(j) = 4*j**3 - j**2 - j + 2. Let f be a(3). What is the highest common factor of 14 and f?
14
Suppose 7 - 27 = -2*u. Suppose -3*d + 46 = -44. What is the highest common divisor of d and u?
10
Let t be ((-132)/16)/(2/8). Let w be (-3 - t/9)*9. Let u(n) = -3*n**3 - 1. Let g be u(-1). What is the greatest common divisor of w and g?
2
Let p be (1638/49)/((-4)/(-28)). What is the highest common factor of 39 and p?
39
Let l = -10 + 15. Let o = 5 - l. Suppose -2*a + 0*a + 2 = o. What is the greatest common divisor of a and 1?
1
Suppose 5*h + 6 = -2*y, -h + 2*h - 8 = -5*y. Suppose 5*m + 135 = -y*z - 22, 5*z + 4*m = -384. Let u = z - -145. What is the highest common divisor of 23 and u?
23
Let q be (-2)/(-12) + (-166)/(-12). What is the highest common factor of 14 and q?
14
Let s(f) = -f**3 + 9*f**2 + 11*f - 1. Let j be s(10). Calculate the greatest common divisor of 27 and j.
9
Suppose -2*r - 2 = 3*z, -4*z - 4 = 2*r + r. Suppose -2*c = -0*c. Suppose -z*f + 3*l = -11, c*l = 2*l - 6. Calculate the highest common factor of f and 80.
10
Suppose 4*t - 2*b - 22 = 0, -3*t = 8*b - 3*b + 16. What is the highest common factor of 2 and t?
1
Suppose -r + 39 = 10. What is the greatest common factor of 58 and r?
29
Let n be (-15 - 0)*(5 - 4). Let b be (-27)/n - 2/(-10). Calculate the greatest common divisor of 16 and b.
2
Let v(z) = -z**3 - 18*z**2 + 18*z + 1. Let g be v(-19). What is the greatest common divisor of 50 and g?
10
Let q = -18 + 33. Calculate the highest common divisor of 135 and q.
15
Suppose -4*j = 5*k - 8 - 20, 0 = -4*k + 5*j + 6. Suppose f = 5*t - 11, f + 5*t + 2 - 21 = 0. What is the highest common factor of k and f?
4
Suppose -3*x + 25 = -5*c + 126, 2*x = 2*c - 62. Let p = -19 - x. What is the greatest common factor of p and 72?
8
Suppose 4*b + 88 = f, 16 = 5*f - f. Let z = 1 - b. Calculate the greatest common divisor of z and 22.
22
Let w be 2/(-4) - 81/(-18). Let l(f) be the first derivative of 31*f**2/2 - 3*f - 1. Let a be l(w). Calculate the greatest common divisor of 11 and a.
11
Let s(k) = -k**2 - 2*k + 3. Let j be (3/6)/((-2)/20). Let u be s(j). Let l = u - -22. Calculate the highest common factor of l and 4.
2
Let w(b) = -b + 3. Let f be w(-12). What is the highest common factor of 135 and f?
15
Let n = 8 + 42. Suppose -4*z + 56 = 2*v, z - 68 = -5*v + 36. What is the greatest common divisor of v and n?
10
Suppose -2*s = -225 + 175. What is the highest common divisor of 10 and s?
5
Suppose 6*f - 4*f - 18 = 0. Suppose -a = -5*a + 736. Suppose 0 = 4*h + 4*i - 122 - 110, 3*h = -i + a. Calculate the greatest common divisor of h and f.
9
Suppose 2*v = -4*v + 24. What is the highest common factor of v and 1?
1
Let m be (3/(-4))/(2/(-8)). Suppose 0 = k - 2 - m. Suppose -k*h = 3*w - 6, 4*w + 5 = -2*h - 1. Calculate the highest common divisor of 24 and h.
3
Suppose -4*f - 131 - 57 = -2*s, -4*s + 5*f + 370 = 0. Calculate the greatest common factor of 30 and s.
30
Let j be (1/2)/((-2)/(-36)). Let c = 250 + -249. Calculate the greatest common divisor of c and j.
1
Let x(q) = 20*q + 12. Let m be x(6). Suppose -5*r + m + 68 = 0. What is the greatest common divisor of r and 10?
10
Let k = 385 - 380. Suppose 3*m - 48 = -3*d, 2*m - 19 = -4*d + 15. What is the highest common divisor of m and k?
5
Let s be 2/(-1) - 160/2. Let j be s/(-6) + 4/(-6). Suppose -3*d + j = -95. Calculate the greatest common factor of 4 and d.
4
Suppose -i = 2 - 3. Let l = -1 - -4. Suppose -l*j - 5*x = -44, -j + 2*x - 40 = -5*j. Calculate the highest common divisor of i and j.
1
Let w be 3/6 + (-110)/(-4). Suppose 0*q - 2*q = 0. Suppose 5*s - 7 - 13 = q. Calculate the greatest common divisor of w and s.
4
Let z(o) = 2*o. Let t be z(2). Suppose 0 = 4*n + 2*j - 44 - 14, t*n - j = 49. Let w = -1 + n. Calculate the greatest common divisor of 108 and w.
12
Suppose -2 = -a - a, -2*j + 405 = 5*a. Calculate the greatest common factor of 25 and j.
25
Let s(t) = 64*t**2 + t. Let d be s(-1). Calculate the greatest common divisor of d and 9.
9
Let a(o) = 25*o**2 - o - 2. Let b(u) = -u**2 - 7*u - 11. Let q be b(-5). Let n be a(q). Calculate the greatest common divisor of n and 6.
6
Suppose 2*q = q + 9. Suppose -6*z + 164 = -52. What is the highest common factor of z and q?
9
Let o(x) = -x + 1. Let n be o(3). Let d be 1/(165/81 + n). Calculate the highest common factor of d and 3.
3
Suppose 4*r + 0*w = -w + 135, 3*w = -4*r + 133. What is the highest common factor of r and 238?
34
Suppose 5*k - 14 = 4*i, -3*k - i = -0*i - 5. Suppose -2*h + 10 - k = 0. Let s be (-1 + -3 + 5)*h. What is the highest common divisor of 2 and s?
2
Let s be (-280)/(-4) + (-9 - -3). What is the highest common divisor of s and 8?
8
Suppose -5*g + 78 + 81 = 3*c, -2*c + 6 = 0. Calculate the highest common divisor 